{"id":27811,"date":"2020-12-02T13:32:27","date_gmt":"2020-12-02T12:32:27","guid":{"rendered":"https:\/\/forelasare.hratonce.com\/courses\/?post_type=product&#038;p=27811"},"modified":"2021-10-14T13:19:12","modified_gmt":"2021-10-14T11:19:12","slug":"life-coaching-for-dig-som-vill-skapa-forandring","status":"publish","type":"product","link":"https:\/\/forelasare.hratonce.com\/coaching\/produkt\/courses\/life-coaching-for-dig-som-vill-skapa-forandring\/","title":{"rendered":"Life coaching f\u00f6r dig som vill skapa f\u00f6r\u00e4ndring"},"content":{"rendered":"<p>Om din coach<\/p>\n<p>Livscoachen , Kristina H\u00f6ghielm, utbildades av Tony Robbins, den v\u00e4rldsber\u00f6mde livs och karri\u00e4rcoachen fr\u00e5n Californien och tillika v\u00e4rldsber\u00f6mda psykologen Clo\u00e9 Madanes. Kristina H\u00f6ghielm har haft sin coachingpraktik sedan 2012. Vi ses digitalt eftersom det \u00e4r det mest flexibla s\u00e4ttet.<\/p>\n<p>Livscoachning handlar om att bryta m\u00f6nster och f\u00e5 till st\u00e5nd en f\u00f6r\u00e4ndring. Ingen ska beh\u00f6va k\u00e4nna sig fast i en situation. Alla har r\u00e4tt till ett liv fyllt med gl\u00e4dje. Det \u00e4r det livscoachning handlar om.<\/p>\n<p>N\u00e5gra ord fr\u00e5n din livscoach Kristina H\u00f6ghielm: &#8220;Min styrka ligger i att jag snabbt ser utifr\u00e5n din ber\u00e4ttelse\u00a0 roten till det verkliga problemet. Jag s\u00e4tter mig tillika in i din situation. N\u00e5gon sa till mig: &#8220;N\u00e4r du har g\u00e5tt ett par mil i mina skor, d\u00e5 f\u00f6rst f\u00f6rst\u00e5r du hur jag har det&#8221;. Det \u00e4r s\u00e5 r\u00e4tt. Min styrka \u00e4r just det att jag kan s\u00e4tta mig in i en persons situation och ta in k\u00e4nslan. All fokus kommer att riktas till dig och hur du k\u00e4nner dig. Vi h\u00e5ller aldrig till i det f\u00f6rflutna utan vi \u00e4r h\u00e4r och nu och ser fram\u00e5t!<\/p>\n<p>D\u00e4rifr\u00e5n\u00a0 fokuserar vi p\u00e5 l\u00f6sningarna. M\u00e5let \u00e4r att du genom livscoachning sj\u00e4lv hittar l\u00f6sningarna till problemet och finner hur du ska g\u00f6ra f\u00f6r att komma till det \u00f6nskade resultatet.<\/p>\n<p>Om du vill ha referenser s\u00e5 ger jag dem g\u00e4rna , men du beh\u00f6ver fr\u00e5ga efter dem skriftligen. info@hratonce.com<\/p>\n<p>I priset ing\u00e5r 1 timme coaching. Om du \u00e4r n\u00f6jd och vill forts\u00e4tta s\u00e5 bokar du bara p\u00e5 h\u00e4r en timme till. Du kan ocks\u00e5 fyll i h\u00e4r i antalet timmar du anser dig beh\u00f6va.Flexibel tidsbokning. Uppf\u00f6ljning efter avslutad coachning via telefonsamtal och e-post.<\/p>\n<p>Kontakt:Info@hratonce.com.<\/p>\n<p>Plan f\u00f6r 6 timmars livscoachning<\/p>\n<ol>\n<li>F\u00f6rsta coachingm\u00f6tet d\u00e4r vi tillsammans l\u00e4gger en m\u00f6tesstrategi. Kostnadsfritt<\/li>\n<li>Coachingm\u00f6te d\u00e4r du beskriver din situation och dina \u00f6nskem\u00e5l<\/li>\n<li>Coachingm\u00f6te d\u00e4r vi fokuserar och diskuterar kring problematiken<\/li>\n<li>Coachingm\u00f6te d\u00e4r vi fokuserar p\u00e5 l\u00f6sningar<\/li>\n<li>Coachingm\u00f6te d\u00e4r vi strukturerar upp en handlingsplan<\/li>\n<li>Coachingm\u00f6te d\u00e4r vi etablerar en aktionsplan<\/li>\n<li>Avslutande coachingm\u00f6te<\/li>\n<\/ol>\n","protected":false},"excerpt":{"rendered":"<p>Om du \u00e4r villr\u00e5dig n\u00e4r det g\u00e4ller din karri\u00e4r kommer du att bli helt klar \u00f6ver efter 6 coachingtimmar med Kristina H\u00f6ghielm . Kristina H\u00f6ghielm \u00e4r SI coach (strategic Interventionsist) som inneb\u00e4r att fokus ligger p\u00e5 l\u00f6sningarna inte p\u00e5 problemen.<\/p>\n<p>Under m\u00e5nga \u00e5r har Kristina H\u00f6ghielm haft sin coachingpraktik online och med hennes erfarenheter och coachinginriktning f\u00e5tt sina klienter att g\u00e5 fr\u00e5n att ha skapat klarhet i sin situation till att agera. Genom Kristina H\u00f6ghielms skicklighet att leda sin klient genom olika faser f\u00f6r att slutligen uppr\u00e4tta en aktionsplan som gett goda resultat f\u00f6r sin klient.<\/p>\n<p>Du som undrar \u00f6ver coachning- du kommer att m\u00e4rka hur allt l\u00e4ttar fr\u00e5n f\u00f6rsta timmen. Du kommer att se p\u00e5 &#8220;problemen&#8221; fr\u00e5n en helt annan vinkel och inse att l\u00f6sningarna finns som g\u00f6r att du kan g\u00e5 vidare med det du vill f\u00e5 gjort och hur, ist\u00e4llet f\u00f6r att sitta fast.<\/p>\n<p>Priset \u00e4r per timme och inklusive moms<\/p>\n<p>Om ditt f\u00f6retag betalar \u00e4r priset exklusive moms<\/p>\n<p>F\u00f6r ytterligare information info@hratonce.com<\/p>\n","protected":false},"featured_media":27630,"template":"","meta":{"om_disable_all_campaigns":false,"_exactmetrics_skip_tracking":false,"_exactmetrics_sitenote_active":false,"_exactmetrics_sitenote_note":"","_exactmetrics_sitenote_category":0,"_monsterinsights_skip_tracking":false,"_monsterinsights_sitenote_active":false,"_monsterinsights_sitenote_note":"","_monsterinsights_sitenote_category":0,"site-sidebar-layout":"default","site-content-layout":"default","ast-main-header-display":"","ast-hfb-above-header-display":"","ast-hfb-below-header-display":"","ast-hfb-mobile-header-display":"","site-post-title":"","ast-breadcrumbs-content":"","ast-featured-img":"","footer-sml-layout":"","theme-transparent-header-meta":"default","adv-header-id-meta":"","stick-header-meta":"","header-above-stick-meta":"","header-main-stick-meta":"","header-below-stick-meta":""},"product_brand":[],"product_cat":[97],"product_tag":[],"class_list":{"0":"post-27811","1":"product","2":"type-product","3":"status-publish","4":"has-post-thumbnail","6":"product_cat-life-coaching","8":"first","9":"instock","10":"virtual","11":"purchasable","12":"product-type-simple"},"aioseo_notices":[],"jetpack_sharing_enabled":true,"_links":{"self":[{"href":"https:\/\/forelasare.hratonce.com\/coaching\/wp-json\/wp\/v2\/product\/27811","targetHints":{"allow":["GET"]}}],"collection":[{"href":"https:\/\/forelasare.hratonce.com\/coaching\/wp-json\/wp\/v2\/product"}],"about":[{"href":"https:\/\/forelasare.hratonce.com\/coaching\/wp-json\/wp\/v2\/types\/product"}],"version-history":[{"count":1,"href":"https:\/\/forelasare.hratonce.com\/coaching\/wp-json\/wp\/v2\/product\/27811\/revisions"}],"predecessor-version":[{"id":27812,"href":"https:\/\/forelasare.hratonce.com\/coaching\/wp-json\/wp\/v2\/product\/27811\/revisions\/27812"}],"wp:featuredmedia":[{"embeddable":true,"href":"https:\/\/forelasare.hratonce.com\/coaching\/wp-json\/wp\/v2\/media\/27630"}],"wp:attachment":[{"href":"https:\/\/forelasare.hratonce.com\/coaching\/wp-json\/wp\/v2\/media?parent=27811"}],"wp:term":[{"taxonomy":"product_brand","embeddable":true,"href":"https:\/\/forelasare.hratonce.com\/coaching\/wp-json\/wp\/v2\/product_brand?post=27811"},{"taxonomy":"product_cat","embeddable":true,"href":"https:\/\/forelasare.hratonce.com\/coaching\/wp-json\/wp\/v2\/product_cat?post=27811"},{"taxonomy":"product_tag","embeddable":true,"href":"https:\/\/forelasare.hratonce.com\/coaching\/wp-json\/wp\/v2\/product_tag?post=27811"}],"curies":[{"name":"wp","href":"https:\/\/api.w.org\/{rel}","templated":true}]}}