{"id":29462,"date":"2025-07-09T08:31:00","date_gmt":"2025-07-09T06:31:00","guid":{"rendered":"https:\/\/forelasare.hratonce.com\/coaching\/?post_type=product&#038;p=29462"},"modified":"2025-07-09T08:48:18","modified_gmt":"2025-07-09T06:48:18","slug":"medicinsk-radgivning-dr-sven-roman","status":"publish","type":"product","link":"https:\/\/forelasare.hratonce.com\/coaching\/produkt\/courses\/medicinsk-radgivning-dr-sven-roman\/","title":{"rendered":"Medicinsk r\u00e5dgivning- Dr Sven Roman"},"content":{"rendered":"<p>&nbsp;<\/p>\n<p>N\u00e4r du g\u00e5r till l\u00e4kare kan det ibland vara sv\u00e5rt att tala om allt som ber\u00f6r dig i din vardag. Med Sven Roman kan du lyfta dina bekymmer om dina symptom f\u00f6r egen del s\u00e5v\u00e4l som f\u00f6r din familj.<\/p>\n<p>M\u00f6t Dr Sven Roman f\u00f6r ett samtal och r\u00e5dgivning. Sven Roman \u00e4r legitimerad l\u00e4kare och specialist inom barnpsykiatri. Sven Roman \u00e4r en engagerad l\u00e4kare och bist\u00e5r dig som f\u00e5tt biverkningar efter covid19-vaccinationer.<\/p>\n<p>Dr Sven Roman tar emot h\u00e4r digitalt f\u00f6r att ge dig r\u00e5d , men om du ska ha recept och annan v\u00e5rd m\u00e5ste du g\u00e5 till v\u00e5rdcentralen.<\/p>\n<p>Sven Roman \u00e4r en l\u00e4kare som tar sina patienter f\u00f6rst och fr\u00e4mst.<\/p>\n","protected":false},"excerpt":{"rendered":"<p><img fetchpriority=\"high\" decoding=\"async\" class=\"alignnone size-medium wp-image-29463\" src=\"https:\/\/forelasare.hratonce.com\/wp-content\/uploads\/2025\/07\/Sven-Roman-25-224x300.jpg\" alt=\"\" width=\"224\" height=\"300\" srcset=\"https:\/\/forelasare.hratonce.com\/wp-content\/uploads\/2025\/07\/Sven-Roman-25-224x300.jpg 224w, https:\/\/forelasare.hratonce.com\/wp-content\/uploads\/2025\/07\/Sven-Roman-25-766x1024.jpg 766w, https:\/\/forelasare.hratonce.com\/wp-content\/uploads\/2025\/07\/Sven-Roman-25-768x1027.jpg 768w, https:\/\/forelasare.hratonce.com\/wp-content\/uploads\/2025\/07\/Sven-Roman-25-600x803.jpg 600w, https:\/\/forelasare.hratonce.com\/wp-content\/uploads\/2025\/07\/Sven-Roman-25.jpg 850w\" sizes=\"(max-width: 224px) 100vw, 224px\" \/><\/p>\n","protected":false},"featured_media":29463,"template":"","meta":{"om_disable_all_campaigns":false,"_exactmetrics_skip_tracking":false,"_exactmetrics_sitenote_active":false,"_exactmetrics_sitenote_note":"","_exactmetrics_sitenote_category":0,"_monsterinsights_skip_tracking":false,"_monsterinsights_sitenote_active":false,"_monsterinsights_sitenote_note":"","_monsterinsights_sitenote_category":0,"site-sidebar-layout":"default","site-content-layout":"default","ast-main-header-display":"","ast-hfb-above-header-display":"","ast-hfb-below-header-display":"","ast-hfb-mobile-header-display":"","site-post-title":"","ast-breadcrumbs-content":"","ast-featured-img":"","footer-sml-layout":"","theme-transparent-header-meta":"default","adv-header-id-meta":"","stick-header-meta":"","header-above-stick-meta":"","header-main-stick-meta":"","header-below-stick-meta":""},"product_brand":[],"product_cat":[15],"product_tag":[],"class_list":{"0":"post-29462","1":"product","2":"type-product","3":"status-publish","4":"has-post-thumbnail","6":"product_cat-okategoriserad","8":"first","9":"instock","10":"taxable","11":"shipping-taxable","12":"purchasable","13":"product-type-simple"},"aioseo_notices":[],"jetpack_sharing_enabled":true,"_links":{"self":[{"href":"https:\/\/forelasare.hratonce.com\/coaching\/wp-json\/wp\/v2\/product\/29462","targetHints":{"allow":["GET"]}}],"collection":[{"href":"https:\/\/forelasare.hratonce.com\/coaching\/wp-json\/wp\/v2\/product"}],"about":[{"href":"https:\/\/forelasare.hratonce.com\/coaching\/wp-json\/wp\/v2\/types\/product"}],"version-history":[{"count":2,"href":"https:\/\/forelasare.hratonce.com\/coaching\/wp-json\/wp\/v2\/product\/29462\/revisions"}],"predecessor-version":[{"id":29465,"href":"https:\/\/forelasare.hratonce.com\/coaching\/wp-json\/wp\/v2\/product\/29462\/revisions\/29465"}],"wp:featuredmedia":[{"embeddable":true,"href":"https:\/\/forelasare.hratonce.com\/coaching\/wp-json\/wp\/v2\/media\/29463"}],"wp:attachment":[{"href":"https:\/\/forelasare.hratonce.com\/coaching\/wp-json\/wp\/v2\/media?parent=29462"}],"wp:term":[{"taxonomy":"product_brand","embeddable":true,"href":"https:\/\/forelasare.hratonce.com\/coaching\/wp-json\/wp\/v2\/product_brand?post=29462"},{"taxonomy":"product_cat","embeddable":true,"href":"https:\/\/forelasare.hratonce.com\/coaching\/wp-json\/wp\/v2\/product_cat?post=29462"},{"taxonomy":"product_tag","embeddable":true,"href":"https:\/\/forelasare.hratonce.com\/coaching\/wp-json\/wp\/v2\/product_tag?post=29462"}],"curies":[{"name":"wp","href":"https:\/\/api.w.org\/{rel}","templated":true}]}}